{"id":1329,"date":"2025-07-21T14:48:06","date_gmt":"2025-07-21T14:48:06","guid":{"rendered":"https:\/\/astrolojikursu.com\/blog\/?page_id=1329"},"modified":"2026-02-25T12:17:33","modified_gmt":"2026-02-25T12:17:33","slug":"ucretsiz-vedik-astroloji-dersleri","status":"publish","type":"page","link":"https:\/\/astrolojikursu.com\/blog\/ucretsiz-vedik-astroloji-dersleri","title":{"rendered":"\u00dccretsiz Vedik Astroloji Dersleri"},"content":{"rendered":"\n<p>Merhabalar, ben <a href=\"https:\/\/instagram.com\/balabandost\" data-type=\"link\" data-id=\"https:\/\/instagram.com\/balabandost\" target=\"_blank\" rel=\"noreferrer noopener\">@BalabanDost<\/a>&#8230;<\/p>\n\n\n\n<p><a href=\"https:\/\/astrolojikursu.com\" data-type=\"link\" data-id=\"https:\/\/astrolojikursu.com\" target=\"_blank\" rel=\"noreferrer noopener\">AstrolojiKursu.com<\/a> ve <a href=\"https:\/\/ilimokulu.com\" data-type=\"link\" data-id=\"https:\/\/ilimokulu.com\" target=\"_blank\" rel=\"noreferrer noopener\">\u0130limOkulu.com<\/a> kurucusuyum.<\/p>\n\n\n\n<p>Astroloji Kursu; <strong>h\u0131zl\u0131, kolay, detayl\u0131 ve uygun fiyatl\u0131<\/strong> Vedik Astroloji \u00f6\u011fretmek i\u00e7indir. <\/p>\n\n\n\n<p>\u0130lim Okulu; <strong>ruhsal uyan\u0131\u015f yolunda olanlar<\/strong> i\u00e7in \u00fccretsiz e\u011fitimler sunan, 500&#8217;den fazla bilin\u00e7li \u00fcyesi olan bir platformdur. <\/p>\n\n\n\n<p>Bu sayfada <strong>\u00dccretsiz Vedik Astroloji Dersleri<\/strong> bulacaks\u0131n\u0131z.<\/p>\n\n\n\n<p>Ayr\u0131ca; <\/p>\n\n\n\n<p><strong><mark style=\"background-color:rgba(0, 0, 0, 0);color:#fd3549\" class=\"has-inline-color\">Do\u011fum Haritas\u0131 Analizi ya da Astroloji Kursu alan dan\u0131\u015fanlar\u0131m i\u00e7in a\u015fa\u011f\u0131daki e\u011fitimler hediyedir. <\/mark><\/strong><\/p>\n\n\n\n<p>\u2705 Ad\u0131n\u0131za imzal\u0131 Zihin Terbiyesi Kitab\u0131m (<a href=\"https:\/\/ilimokulu.com\" data-type=\"link\" data-id=\"https:\/\/ilimokulu.com\" target=\"_blank\" rel=\"noreferrer noopener\">\u0130limOkulu.com<\/a>&#8216;da)<\/p>\n\n\n\n<p>\u2705 <strong><a href=\"https:\/\/ilimokulu.com\" data-type=\"link\" data-id=\"https:\/\/ilimokulu.com\" target=\"_blank\" rel=\"noreferrer noopener\">\u0130limOkulu.com<\/a><\/strong> \u00fcyeli\u011fi ve Zihin Terbiyesi E\u011fitimleri (Paha bi\u00e7ilemez)<\/p>\n\n\n\n<p>\u2705 30 saatlik Temel Seviye Vedik Astroloji E\u011fitimi (9.000 TL de\u011ferinde)<\/p>\n\n\n\n<p>\u2705 Bilin\u00e7alt\u0131n\u0131 Yeniden Programlama E\u011fitimi (11.000 TL de\u011ferinde)<\/p>\n\n\n\n<p>\u2705 Tantra (Kadim Cinsellik) ve \u00c7akralar E\u011fitimi (5.900 TL de\u011ferinde)<\/p>\n\n\n\n<p>\u2705 H\u0131zl\u0131 Astroloji E\u011fitimi (9.900 TL de\u011ferinde)<\/p>\n\n\n\n<p>\u2705 Ladunni Enerji \u0130nisiyasyonu ve Uygulay\u0131c\u0131l\u0131k E\u011fitimi<\/p>\n\n\n\n<p>Do\u011fum Haritas\u0131 Analizi ve Ko\u00e7luk talebiniz olursa <strong>05424567998<\/strong> WhatsApp numaras\u0131ndan asistan\u0131m Serpil han\u0131mla ileti\u015fime ge\u00e7ebilirsiniz.<\/p>\n\n\n\n<div class=\"wp-block-buttons is-layout-flex wp-block-buttons-is-layout-flex\">\n<div class=\"wp-block-button is-style-fill\"><a class=\"wp-block-button__link has-text-color has-background has-link-color wp-element-button\" href=\"https:\/\/wa.me\/905424567998?text=Merhaba%20astrolojik%20danismanlik%20hakkinda%20bilgi%20almak%20istiyorum\" style=\"border-radius:6px;color:#ffffff;background-color:#fa961e\" target=\"_blank\" rel=\"noreferrer noopener\">\u0130LET\u0130\u015e\u0130ME GE\u00c7<\/a><\/div>\n<\/div>\n\n\n\n<h2 class=\"wp-block-heading\">\u00dccretsiz Vedik Astroloji Dersleri<\/h2>\n\n\n\n<p>\u2605 <strong><a href=\"https:\/\/youtube.com\/live\/S2kzqfnDVUM\" data-type=\"link\" data-id=\"https:\/\/youtube.com\/live\/S2kzqfnDVUM\" target=\"_blank\" rel=\"noreferrer noopener\"><mark style=\"background-color:rgba(0, 0, 0, 0);color:#0291f3\" class=\"has-inline-color\">Ders 1 izle<\/mark><\/a><\/strong> : Kader nedir? Kader de\u011fi\u015fir mi?<\/p>\n\n\n\n<p>\u2605 <strong><a href=\"https:\/\/youtu.be\/JO_j0spii8c\" data-type=\"link\" data-id=\"https:\/\/youtu.be\/JO_j0spii8c\" target=\"_blank\" rel=\"noreferrer noopener\"><mark style=\"background-color:rgba(0, 0, 0, 0);color:#0896dd\" class=\"has-inline-color\">Ders 2 izle<\/mark><\/a><\/strong> : Sat\u00fcrn ile Dost Olmak 1. B\u00f6l\u00fcm<\/p>\n\n\n\n<p>\u2605 <strong><a href=\"https:\/\/youtu.be\/RSoEoKhjD-I\" data-type=\"link\" data-id=\"https:\/\/youtu.be\/RSoEoKhjD-I\" target=\"_blank\" rel=\"noreferrer noopener\"><mark style=\"background-color:rgba(0, 0, 0, 0);color:#059bf2\" class=\"has-inline-color\">Ders 3 izle<\/mark><\/a><\/strong> : Sat\u00fcrn ile Dost Olmak 2. B\u00f6l\u00fcm<\/p>\n\n\n\n<p>\u2605 <strong><a href=\"https:\/\/youtu.be\/AfT6cNUOO00\" data-type=\"link\" data-id=\"https:\/\/youtu.be\/AfT6cNUOO00\" target=\"_blank\" rel=\"noreferrer noopener\"><mark style=\"background-color:rgba(0, 0, 0, 0);color:#0399f2\" class=\"has-inline-color\">Ders 4 izle<\/mark><\/a><\/strong> : Sat\u00fcrn ile Dost Olmak 3. B\u00f6l\u00fcm<\/p>\n\n\n\n<p>\u2605 <strong><a href=\"https:\/\/youtu.be\/OcS_V72Elkk\" data-type=\"link\" data-id=\"https:\/\/youtu.be\/OcS_V72Elkk\" target=\"_blank\" rel=\"noreferrer noopener\"><mark style=\"background-color:rgba(0, 0, 0, 0);color:#2393fa\" class=\"has-inline-color\">Ders 5 izle<\/mark><\/a><\/strong> : \u00d6zg\u00fcr \u0130rade Var m\u0131? Affetme \u0130ll\u00fczyonu<\/p>\n\n\n\n<p>\u2605 <strong><a href=\"https:\/\/youtube.com\/live\/oORUdsGoX7Y?feature=share\" data-type=\"link\" data-id=\"https:\/\/youtube.com\/live\/oORUdsGoX7Y?feature=share\" target=\"_blank\" rel=\"noreferrer noopener\"><mark style=\"background-color:rgba(0, 0, 0, 0);color:#018cfa\" class=\"has-inline-color\">Ders 6 izle<\/mark><\/a><\/strong> : Spirit\u00fcel Bak\u0131\u015fla Astroloji 1. B\u00f6l\u00fcm<\/p>\n\n\n\n<p>\u2605 <strong><a href=\"https:\/\/youtube.com\/live\/FHmZCwyKxxc?feature=share\" data-type=\"link\" data-id=\"https:\/\/youtube.com\/live\/FHmZCwyKxxc?feature=share\" target=\"_blank\" rel=\"noreferrer noopener\"><mark style=\"background-color:rgba(0, 0, 0, 0);color:#0293f7\" class=\"has-inline-color\">Ders 7 izle<\/mark><\/a><\/strong> : Spirit\u00fcel Bak\u0131\u015fla Astroloji 2. B\u00f6l\u00fcm<\/p>\n\n\n\n<p>\u2605 <strong><a href=\"https:\/\/youtube.com\/live\/Fd4L08Sf0r4?feature=share\" data-type=\"link\" data-id=\"https:\/\/youtube.com\/live\/Fd4L08Sf0r4?feature=share\" target=\"_blank\" rel=\"noreferrer noopener\"><mark style=\"background-color:rgba(0, 0, 0, 0);color:#0283f9\" class=\"has-inline-color\">Ders 8 izle<\/mark><\/a><\/strong> : Spirit\u00fcel Bak\u0131\u015fla Astroloji 3. B\u00f6l\u00fcm<\/p>\n\n\n\n<p>\u2605 <strong><a href=\"https:\/\/youtube.com\/live\/rMTQbH8xBWE?feature=share\" data-type=\"link\" data-id=\"https:\/\/youtube.com\/live\/rMTQbH8xBWE?feature=share\" target=\"_blank\" rel=\"noreferrer noopener\"><mark style=\"background-color:rgba(0, 0, 0, 0);color:#138bf8\" class=\"has-inline-color\">Ders 9 izle<\/mark><\/a><\/strong> : Spirit\u00fcel Bak\u0131\u015fla Astroloji 4. B\u00f6l\u00fcm<\/p>\n\n\n\n<p>\u2605 <strong><a href=\"https:\/\/www.youtube.com\/live\/ZJg4nRrU-7Y?si=L6xJJ6snUbfLfOrA\" data-type=\"link\" data-id=\"https:\/\/www.youtube.com\/live\/ZJg4nRrU-7Y?si=L6xJJ6snUbfLfOrA\" target=\"_blank\" rel=\"noreferrer noopener\"><mark style=\"background-color:rgba(0, 0, 0, 0);color:#0399f2\" class=\"has-inline-color\">Ders 10 izle<\/mark><\/a><\/strong> : Astroloji ile Ya\u015fam Amac\u0131n\u0131 Bul<\/p>\n\n\n\n<p><\/p>\n\n\n\n<h2 class=\"wp-block-heading\">Di\u011fer \u00dccretsiz Dersler<\/h2>\n\n\n\n<p>Sevgili can; Ruhsal Uyan\u0131\u015f yolundaysan ve <strong>art\u0131k kendini bilmek istiyorsan<\/strong>; <a href=\"https:\/\/ilimokulu.com\" data-type=\"link\" data-id=\"https:\/\/ilimokulu.com\" target=\"_blank\" rel=\"noreferrer noopener\">\u0130limOkulu.com<\/a> \u00fczerindeki sohbetlerimizi \u00fccretsiz olarak izlemeye ba\u015flayabilirsin.<\/p>\n\n\n\n<p>Sevgilerimle&#8230; <\/p>\n\n\n\n<p><\/p>\n","protected":false},"excerpt":{"rendered":"<p>Merhabalar, ben @BalabanDost&#8230; AstrolojiKursu.com ve \u0130limOkulu.com kurucusuyum. Astroloji Kursu; h\u0131zl\u0131, kolay, detayl\u0131 ve uygun fiyatl\u0131 Vedik Astroloji \u00f6\u011fretmek i\u00e7indir. \u0130lim Okulu; ruhsal uyan\u0131\u015f yolunda olanlar i\u00e7in \u00fccretsiz e\u011fitimler sunan, 500&#8217;den&#8230;<\/p>\n","protected":false},"author":1,"featured_media":1259,"parent":0,"menu_order":0,"comment_status":"closed","ping_status":"closed","template":"","meta":{"footnotes":""},"class_list":["post-1329","page","type-page","status-publish","has-post-thumbnail","hentry"],"_links":{"self":[{"href":"https:\/\/astrolojikursu.com\/blog\/wp-json\/wp\/v2\/pages\/1329","targetHints":{"allow":["GET"]}}],"collection":[{"href":"https:\/\/astrolojikursu.com\/blog\/wp-json\/wp\/v2\/pages"}],"about":[{"href":"https:\/\/astrolojikursu.com\/blog\/wp-json\/wp\/v2\/types\/page"}],"author":[{"embeddable":true,"href":"https:\/\/astrolojikursu.com\/blog\/wp-json\/wp\/v2\/users\/1"}],"replies":[{"embeddable":true,"href":"https:\/\/astrolojikursu.com\/blog\/wp-json\/wp\/v2\/comments?post=1329"}],"version-history":[{"count":7,"href":"https:\/\/astrolojikursu.com\/blog\/wp-json\/wp\/v2\/pages\/1329\/revisions"}],"predecessor-version":[{"id":1359,"href":"https:\/\/astrolojikursu.com\/blog\/wp-json\/wp\/v2\/pages\/1329\/revisions\/1359"}],"wp:featuredmedia":[{"embeddable":true,"href":"https:\/\/astrolojikursu.com\/blog\/wp-json\/wp\/v2\/media\/1259"}],"wp:attachment":[{"href":"https:\/\/astrolojikursu.com\/blog\/wp-json\/wp\/v2\/media?parent=1329"}],"curies":[{"name":"wp","href":"https:\/\/api.w.org\/{rel}","templated":true}]}}